= 161 + j. Let u(d) = 3*d - 3. Calculate u(t).
15
Let r(z) = z**2 + 7*z + 3. Suppose 36 + 70 = -2*f. Let x = -24 - f. Let l = x - 36. Give r(l).
3
Let s(y) = -2*y**2 + 11*y + 8. Suppose 350 = -33*h + 28*h. Let q = h - -76. Let n be s(q). Let o(f) = f**3 + 3*f**2 - f - 1. Calculate o(n).
17
Let m(h) = -3633 - 5*h**2 - 10*h + 4*h**2 + 3639 - 2*h**2 + 4*h**2. Let t = -9 + 25. Let k = 25 - t. Calculate m(k).
-3
Let h(t) = t**2 - 11*t + 1. Let w(c) = 2*c**2 - 12*c + 1. Let r(x) = 4*h(x) - 3*w(x). Let i(u) = -3*u**2 - 9*u + 3. Let y(j) = 3*i(j) - 4*r(j). Give y(5).
5
Let l(i) = 44. Let a(f) = -f - 125. Let b(w) = -a(w) - 3*l(w). Give b(6).
-1
Let g(a) = -9*a - 33 - 2*a**2 + 26 + 26. Let n(x) = -3*x**2 - 13*x + 29. Let b(c) = -8*g(c) + 5*n(c). Let w = -287 + 280. Determine b(w).
-7
Let g(i) be the third derivative of -2*i**3 - 2*i - 14*i**2 - 1/8*i**4 + 0. Determine g(-5).
3
Let v(c) = c**2 + 27*c + 82. Let y(w) = -671*w - 12773. Let t be y(-19). Calculate v(t).
10
Let g(r) = 54*r**2 - 37*r**2 - 7*r - 18*r**2 + 17. Give g(-9).
-1
Let c be 5*(5 - (-34)/(-10)). Suppose -c = -3*s + 13. Let l(q) = -7*q + s*q + q. Determine l(3).
3
Let c(o) = 40*o + 21*o - 82*o + 35*o - 4 + 12*o**2. Let i(r) = -17*r**2 - 21*r + 6. Let l(d) = 7*c(d) + 5*i(d). Determine l(-5).
12
Let d(u) = -2*u**2 - 4*u - 3. Let b be (-6 - -7 - (2 - 3))/(-1). Let y be (4/8)/((-33)/18 - b). Suppose 4*v = 6*o - 7*o - 4, -12 = -y*o. Determine d(v).
-3
Let k = 3458 + -3448. Let v(q) = -q**2 + 5*q + 54. Give v(k).
4
Let w be (-2)/(-4) + (-85)/34 - 12/2. Let c(m) = -8*m - 5*m**2 + 4*m**2 + 1 + 0*m**2. Determine c(w).
1
Let z(w) be the first derivative of -3*w**2 + 3*w + 7762. Suppose -3*n = -5*n. Calculate z(n).
3
Let l(n) be the second derivative of 1/6*n**3 + 0 + 7*n**2 - 28*n. Calculate l(-15).
-1
Let p(b) = -16*b**3 - 11*b**2 - 5*b - 26. Let z(t) = 37*t**3 + 24*t**2 + 9*t + 55. Let d(u) = 7*p(u) + 3*z(u). Determine d(-4).
-1
Suppose -2*v - 52 = 4*v + 7*v. Let s(u) = 2*u**3 + 5*u**2 - 3*u. Calculate s(v).
-36
Let t(u) = -u**2 - 17*u + 84. Suppose 232 = 3826*l - 3768*l. Determine t(l).
0
Let n(p) = 3*p + 4*p - 6833*p**3 + 9 + 3420*p**3 + 3415*p**3 + 0*p + 10*p**2. Calculate n(-4).
13
Let s(x) = 2*x**2 - 9*x + 32. Let t(h) = 5*h**2 - 16*h + 64. Let o(d) = 7*s(d) - 3*t(d). Calculate o(-13).
58
Let o(f) = -18*f**2 + f. Let w(p) = p**2 + 2*p - 9. Let s be w(-6). Let z be s/3 + (-3 - -1) + -1. Suppose b + 3 = 4*m - 3*m, -z*b - 2*m = -10. Give o(b).
-17
Let b(m) = -4*m - 22. Suppose 48*x = -75 - 69. Give b(x).
-10
Let l(m) be the first derivative of -3*m + 1/3*m**3 - 5/2*m**2 - 129. What is l(7)?
11
Let g(v) = v**3 + 8*v**2 + 8*v + 9. Let d(s) = 6*s + 0 + 2 + 35 + 1. Let w(n) = 5*n + 37. Let u(t) = 4*d(t) - 5*w(t). Let q be u(-26). Give g(q).
2
Let h = 159 + -158. Let b(k) = -3*k - h + k + 2*k + 3*k**2 + k**3 + k. Let a = -8 - -5. Calculate b(a).
-4
Let c(x) = -2*x**3 + 5*x**2 - 5*x + 4. Let j = -18 - -17. Let y(b) = b**3 - b**2 + b - 1. Let g(z) = j*y(z) - c(z). What is g(2)?
-3
Let f(k) = 21*k**3 - 15*k**2 + 35 - 10*k**3 + 0*k**2 + 2*k + 0*k**2 - 12*k**3. Determine f(-15).
5
Let o be (-25)/((-500)/(-24))*10/(-3). Let f be (-1)/2*(-4 + o). Let c(x) = x - 1. Calculate c(f).
-1
Let d(a) = -a**2 + 10*a - 2. Let z(g) = 3*g**2 - 29*g + 5. Let b = 16 + -10. Let x(c) = b*z(c) + 17*d(c). Let w be 200/15 + 0 + -7 + (-1)/3. Determine x(w).
8
Let v be (-2)/5 - 24/(-10). Let p be (1 + 0)/(v/4). Let s(c) = -8*c**2 - 7*c + 2. Let i(a) = -4*a**2 - 3*a + 1. Let b(o) = p*s(o) - 5*i(o). What is b(1)?
4
Let f = 32 + -44. Let v = 13 + f. Let t be 16/(-32)*(0 - v*2). Let q(r) = 8*r**2 - 1. Give q(t).
7
Let o(v) be the third derivative of v**8/20160 - v**7/720 + 7*v**6/720 - v**5/20 + v**4/12 + 46*v**2. Let s(j) be the third derivative of o(j). What is s(6)?
1
Let x(m) = m**3 + 6*m**2 - 24*m - 72. Let w(k) = k**2 + 2*k - 232. Let a be w(-16). Determine x(a).
-8
Let h(u) = -2*u**2 + 1. Suppose -4*t + 29 = 41. Let s be (0 - 1)/(2/(1 - t)). Calculate h(s).
-7
Let s(b) = 24*b + 54*b**2 - 5 + 1 - 15*b - 48*b**2 - b**3. Give s(7).
10
Let g(i) be the third derivative of 17*i**6/120 + i**3/6 + 758*i**2 - 1. Let d be (4 - 1)/3 + 0. What is g(d)?
18
Let a(s) = -3*s**2 - 5*s - 6. Let f(z) = -z**2. Let h(g) = -a(g) + 4*f(g). Suppose 3*t - m = 476, 0*m = -2*t + 2*m + 324. Let w = 162 - t. Give h(w).
6
Let i(n) = -n**3 - 8*n**2 - 19*n - 45. Let w(o) = o**3 + 39*o**2 + 62*o + 906. Let k be w(-38). Determine i(k).
-3
Let w(h) = -8*h**3 + 52*h**2 + 81*h - 11. Let z(s) = 3*s**3 - 17*s**2 - 26*s + 4. Let x(l) = 4*w(l) + 11*z(l). Determine x(-19).
0
Let w(s) = 5*s + 409. Let o(y) = y + 122. Let i(r) = -3*o(r) + w(r). What is i(11)?
65
Let u be (-29)/(-4) - (-2)/(-8). Let d(v) be the third derivative of v**5/60 - 7*v**4/24 + 5*v**3/6 - 7*v**2 + 46*v - 132. Give d(u).
5
Let w(y) be the third derivative of 0 - 118*y**2 + 1/3*y**3 + 1/60*y**5 + 0*y + 1/24*y**4. Determine w(-5).
22
Let p(u) = u + 16. Let l be ((-8)/(-10))/((-14)/105). Let v be (-35 - -2)*((-26)/l - 4). Give p(v).
5
Let p(w) = 111*w - 2*w**2 + 11 - 106*w + 2*w**2 - w**2. Suppose -4*z + 161 = 19*z. Calculate p(z).
-3
Suppose 0 = 5*o - 5*d - 15, 0 = 4*o + 12*d - 8*d - 4. Let r(n) = 2*n**o + 313 - n + 317 - 631. Give r(3).
14
Let y = -13449 - -13453. Let c(r) = -15*r + 76. What is c(y)?
16
Suppose 198 = j + 198. Let r(y) = -y + 7 + 2*y**2 + 0 + j*y + 3*y**2 - 5. What is r(2)?
20
Let i(c) = -5*c**2 + 7*c - 7*c**3 - 2940 + 2943 + 6*c**3. Determine i(-5).
-32
Let o(l) = -l**3 + 13*l**2 + 3. Let d(h) = 9*h**2 - 44*h - 47. Let y be d(6). Determine o(y).
3
Let a(k) = -k**2 + 21*k - 33. Let d be a(19). Suppose -3*b + 7*b + 25 = 5*p, 3*p - d*b - 15 = 0. Let x(g) = -2*g**2 + 5*g - 7. Determine x(p).
-32
Let t(j) = 25*j**2 + 26*j + 119. Let f(c) = -138*c**2 - 131*c - 596. Let s(b) = -2*f(b) - 11*t(b). Determine s(28).
-5
Let o = -4446 - -4460. Let s(h) = 9 + 1 + 12 - h. Calculate s(o).
8
Let d(c) = -c**2 - 5*c - 4. Let a be (-8)/((-48)/(-9))*(-42)/9. Suppose -6 - 6 = -g. Suppose -15 = g*t - a*t. What is d(t)?
2
Suppose -62*q - 586 + 242 = 896. Let m(j) = -2*j**3 - 42*j**2 - 42*j - 35. Calculate m(q).
5
Let f(h) = -h**3 + 8*h**2 - 7*h. Let b = 28 - 28. Suppose 139 = 2*p - s + 19, 2*p - 2*s - 122 = b. Suppose 5*a + 24 = p. Determine f(a).
0
Let b be -28*(15/12 - 3). Let u = 56 - b. Let h(v) = 5*v - 6*v - u - 2*v + 4*v. What is h(5)?
-2
Let y = 8 - 5. Let a(n) = 2*n**y + 2 - 3*n**3 + 0*n**2 + 3*n - n**2. Suppose -16*j + 57 + 213 = -151*j. Determine a(j).
0
Let b = 480 - 477. Let n(o) = b - 2*o + 3 + 3*o - 23 + 13. Give n(3).
-1
Suppose 5*p + p - 30 = 0. Suppose -20 = p*s - 10*s. Let j(o) = -56*o**3 + 28*o**3 + 4*o - s*o**2 - 4 + 27*o**3. Give j(-5).
1
Suppose 4*z + 31 = n, 102*n - 105*n + z = -49. Let g(h) = 142*h - n - 1 + 143*h - 287*h. Calculate g(-11).
6
Let p(i) = 7*i + 1. Let f(o) = o**2 - 12*o - 3. Let t(g) = -f(g) - p(g). Suppose 5*h - 12 = -3*u, 4*u - 5*h - 4 = 3*u. Give t(u).
6
Let k = -2825 + 2832. Let o = 10 + -3. Let q(f) = -o*f + k*f - 7 - f. Determine q(-5).
-2
Let s(m) = -6*m + 24. Let x be 4 + -1*(-2 + 0/(-6)). Let v(z) = -3*z + 11. Let d(f) = x*s(f) - 13*v(f). Give d(7).
22
Let r(c) = 80*c. Let j(n) = -43*n - 3. Let q(y) = 2*j(y) + r(y). Let o = -25 - -18. Give q(o).
36
Suppose 5*j - 42 = -17. Suppose 158 = j*x + 13. Suppose 2*c + x = 37. Let p(o) = 2*o - 1. Determine p(c).
7
Suppose 100*x - 261 = 39. Let v(a) = -a**3 + 5*a**2 - 8*a + 4. Determine v(x).
-2
Let t(c) be the third derivative of -c**6/60 + c**5/20 - c**4/8 + c**3 + 7096*c**2. Suppose -2 = -5*f + 4*f. What is t(f)?
-4
Suppose 0 = k - 35*z + 32*z - 8, 0 = -5*k + 4*z + 51. Suppose 192 = k*r - 59*r. Let m(o) = 2*o**2 + 7*o + 4. What is m(r)?
8
Let s be 2 - 27/3 - (72 - 82). Let x(u) = -5*u**2 + 3*u + 2. What is x(s)?
-34
Let u(s) = -6*s - 315. Let f(i) = 6*i + 279. Let z(n) = -4*f(n) - 3*u(n). Calculate z(-31).
15
Let y(i) = -i**3 - 10*i**2 - 118. Suppose -v = -k + 4, -v + 5*k = -10 - 14. Calculate y(v).
3
Let b be (-54)/6 + -1 + (-9)/(-3). Let y(a) be the second derivative of -23*a + 2*a**2 + 1/3*a**3 + 0. Give y(b).
-10
Let g(b) = -45*b - 15. Let h(f) = -14*f - 5. Let a(l) = -g(l) + 3*h(l). Let n be -3 + 1 + (4 - 1). Calculate a(n).
3
Let f(j) = j**3 + 3*j**2 - 4*j + 3. Let k(u) = -u - 15. Let w = -41 - -118. L